e 10) in base 2?
-101011110110000000
What is -1122303333 (base 4) in base 5?
-43400332
-12010301333 (base 4) to base 12
-64967b
Convert 8258 (base 13) to base 10.
17987
What is b8647c (base 13) in base 2?
10000100000010100010000
Convert -1bb60 (base 14) to base 6.
-1303544
Convert 12104023 (base 5) to base 16.
1b975
-3213120001 (base 4) to base 2
-11100111011000000001
What is 101020110111202 (base 3) in base 2?
10100110000100001011011
Convert 30412 (base 5) to base 3.
2201102
-2a77512 (base 11) to base 13
-1124c11
-2231003202 (base 4) to base 7
-6011400
303720 (base 12) to base 2
10110111110001001000
Convert 127932 (base 10) to base 8.
371674
What is -5184525 (base 9) in base 11?
-1623789
What is -121021220012 (base 3) in base 7?
-2503640
What is 1322104243 (base 5) in base 10?
3316198
What is 1237420 (base 8) in base 13?
c0660
-344411201 (base 5) to base 7
-16155422
What is c23 (base 15) in base 5?
41413
What is -5558031 (base 9) in base 3?
-12121222001001
Convert -196477 (base 11) to base 2.
-1001001100100111110
What is -251544511 (base 6) in base 9?
-10112787
Convert 323133133 (base 4) to base 8.
733737
Convert 367a4 (base 13) to base 5.
11201212
-2324616 (base 7) to base 13
-a2ccc
-260a02 (base 13) to base 8
-3374274
20244f (base 16) to base 15
2b91ec
What is -1b1a58 (base 15) in base 12?
-539032
-2012022200 (base 4) to base 13
-163190
Convert -2682669 (base 11) to base 13.
-c61574
Convert 11343444040 (base 5) to base 10.
13265520
Convert -202464 (base 7) to base 13.
-12951
Convert -1906a (base 13) to base 6.
-1012102
-21111212020110 (base 3) to base 9
-7455213
Convert 2550212 (base 7) to base 13.
b7b2a
Convert -356a95 (base 13) to base 6.
-43131222
What is 162854 (base 9) in base 15?
1ebea
Convert 82785 (base 12) to base 7.
1306643
Convert 22200331032 (base 4) to base 10.
2756430
What is d99bd (base 16) in base 13?
252916
Convert 1220170 (base 8) to base 16.
52078
-2665e (base 16) to base 7
-1223352
5a6112 (base 13) to base 16
20e3b1
Convert 147367 (base 8) to base 16.
cef7
-e38c (base 15) to base 9
-72826
What is 117469 (base 12) in base 6?
10015013
Convert 2214466 (base 7) to base 8.
1025041
What is 8500 (base 10) in base 2?
10000100110100
What is -32441242 (base 6) in base 8?
-3545772
What is -135425 (base 8) in base 16?
-bb15
2111c (base 16) to base 7
1102622
Convert 234463 (base 7) to base 5.
2324210
Convert 103100132 (base 4) to base 12.
39792
What is -2f72 (base 16) in base 2?
-10111101110010
Convert 13010350 (base 7) to base 8.
4376701
Convert 7222731 (base 8) to base 13.
51b620
What is 134322214 (base 6) in base 13?
74896c
Convert 32122261 (base 7) to base 6.
134251151
Convert -156498 (base 12) to base 4.
-1120300310
6a17e (base 15) to base 12
143618
Convert -2548018 (base 11) to base 12.
-15905a0
-3179 (base 13) to base 4
-1223030
-120222110210 (base 3) to base 16
-4ccb0
Convert -2550 (base 11) to base 2.
-110011111010
-510085 (base 10) to base 11
-319264
Convert -7a3a01 (base 11) to base 15.
-1a3e4b
4743504 (base 9) to base 15
35ad17
What is 477298 (base 14) in base 4?
21103230012
322021002 (base 4) to base 9
402606
What is -142232 (base 5) in base 11?
-4512
467142 (base 8) to base 16
26e62
Convert 1110001110011001011 (base 2) to base 15.
9319d
Convert 12920685 (base 10) to base 4.
301102131231
Convert 61481 (base 16) to base 13.
10c4a2
What is ae79 (base 16) in base 4?
22321321
Convert 1502630 (base 8) to base 11.
272140
What is -51089 (base 16) in base 9?
-555262
Convert 102110102210022 (base 3) to base 7.
102524654
What is -167f22 (base 16) in base 9?
-2686363
What is -66184b (base 16) in base 15?
-8c2746
-3114152 (base 6) to base 8
-444724
What is -4315614 (base 8) in base 4?
-10121232030
Convert -4011022 (base 7) to base 16.
-7390c
Convert -11010110110011100011011 (base 2) to base 9.
-14217310
What is -10000021222 (base 3) in base 14?
-17852
100010001010011 (base 2) to base 13
7c66
Convert 16618 (base 11) to base 9.
35048
-58412 (base 16) to base 5
-43031430
What is -27731 (base 13) in base 11?
-50432
What is -1000102011000 (base 3) in base 12?
-220300
2010111122112 (base 3) to base 6
40132105
Convert -3120332310 (base 4) to base 8.
-3307664
What is 201220022 (base 4) in base 2?
100001101000001010
-1923873 (base 10) to base 13
-5248b3
What is -2303102102 (base 4) in base 10?
-734354
What is -d93040 (base 16) in base 3?
-222210010220202
Convert -3856197 (base 10) to base 13.
-a50297
Convert -6217 (base 16) to base 3.
-1021110001
What is 2c660 (base 14) in base 6?
2213552
Convert 291386 (base 10) to base 3.
112210201002
1b09796 (base 12) to base 14
a95aa6
Convert -312100302 (base 4) to base 2.
-110110010000110010
Convert 132460 (base 10) to base 12.
647a4
What is 10101011001 (base 3) in base 6?
1231344
Convert -505533 (base 12) to base 11.
-7868aa
Convert 3822556 (base 10) to base 6.
213533004
Convert -280291 (base 11) to base 7.
-3510360
Convert -10001303001 (base 4) to base 8.
-4016301
-1b4085 (base 16) to base 5
-424122424
20230243 (base 6) to base 7
4632150
-a2aa0 (base 14) to base 3
-201220101012
What is -24604462 (base 7) in base 12?
-8b0974
1432664 (base 7) to base 9
323802
Convert 612278 (base 13) to base 8.
10500236
36004a1 (base 11) to base 4
113331211300
Convert -1135521 (base 6) to base 7.
-335512
What is 10001111110000010111 (base 2) in base 3?
1002220201021
Convert 210440 (base 8) to base 16.
11120
Convert 5111450 (base 10) to base 13.
109c736
211111313 (base 4) to base 15
304bb
What is 1001010000000011 (base 2) in base 6?
451231
What is -145111 (base 9) in base 2?
-10101101111000101
What is -101122201110221 (base 3) in base 5?
-2422210341
What is -2619687 (base 10) in base 2?
-1001111111100100100111
-2048a6 (base 15) to base 8
-5664376
Convert -14bc99 (base 13) to base 10.
-511858
What is 100245 (base 9) in base 10?
59252
66363200 (base 7) to base 11
3252383
Convert -36147 (base 11) to base 13.
-1a923
Convert -17100 (base 15) to base 7.
-430062
-1a6d39 (base 15) to base 12
-521a46
Convert -2502545 (base 8) to base 2.
-10101000010101100101
-5171840 (base 9) to base 7
-32330061
What is -658a3 (base 11) in base 3?
-11212010002
30212132300 (base 4) to base 13
8b8755
-1326224 (base 10) to base 11
-826459
What is -182638 (base 9) in base 16?
-1bb6c
What is -1d88c (base 15) in base 16?
-178b0
What is -4097338 (base 11) in base 9?
-14535525
-9b90 (base 12) to base 13
-7b06
What is 8a3460 (base 11) in base 8?
5373201
Convert 23a78 (base 14) to base 9.
142461
Convert -6373d2 (base 14) to base 11.
-1997060
What is 45515564 (base 7) in base 2?
1111001001011100101011
Convert 1766919 (base 11) to base 10.
2995859
2200211221 (base 4) to base 16
a0969
-6ba2 (base 15) to base 3
-1011101022
245145 (base 8) to base 9
138018
-621b3 (base 14) to base 15
-4a05c
What is 139bd (base 14) in base 8?
136703
Convert 210303001 (base 4) to base 12.
73281
-10210423 (base 5) to base 6
-1454013
What is 40473525 (base 8) in base 12?
2a44071
Convert -124332122 (base 5) to base 11.
-394556
Convert 2c364 (base 14) to base 7.
636654
6635302 (base 7) to base 9
1473057
-1161778 (base 10) to base 7
-12606052
Convert 1001011111011000 (base 2) to base 11.
27229
-94ad (base 15) to base 12
-1623a
Convert -152399 (base 10) to base 6.
-3133315
-320402322 (base 5) to base 3
-2112010110021
What is -1c52a3 (base 14) in base 2?
-11110111010101001111
What is -402132541 (base 6) in base 10?
-6824077
What is 1010000000110001101111 (base 2) in base 4?
22000301233
What is -10100212110010 (base 3) in base 6?
-102200220
Convert -4024122 (base 8) to base 13.
-2b0c89
84a29 (base 12) to base 3
22212001120
-3a7a5b (base 16) to base 5
-1440114121
6a697 (base 11) to base 6
2104100
-2698b (base 16) to base 10
-158091
ad37ee (base 15) to base 2
11111100001100001110111
Convert 247620 (base 8) to base 4.
110332100
Convert d6c5aa (base 14) to base 13.
1670a64
What is 10000012002121 (base 3) in base 11?
9a16a2
-67357 (base 11) to base 14
-277c8
Convert 272542 (base 10) to base 5.
32210132
Convert 565989 (base 14) to base 4.
23030212311
-2031522 (base 7) to base 10
-243105
Convert -1c6fa (base 16) to base 11.
-7a566
Convert 362bc1 (base 16) to base 3.
20200100212212
What is 130312101 (base 4) in base 11?
8085a
Convert -15726534 (base 8) to base 10.
-3648860
Convert 155355 (b